-16. Let f = v - s. Calculate the greatest common factor of f and 3.
3
Let y be (-4 - 0)/(-1 + 3). Let s = y - -8. What is the highest common divisor of s and 3?
3
Let a(i) = -i**3 - i**2. Let r(y) = -5*y**3 + 5*y**2 - y. Let d(j) = -5*a(j) - r(j). Let n be d(1). What is the greatest common factor of n and 44?
11
Let q be (-2)/4 + 81/2. Let a = 77 + 23. What is the highest common divisor of a and q?
20
Let j(l) = l**2 - 4*l - 5. Let s = -10 + 16. Let k be j(s). Let x be (0 + 0 - -25) + 3. Calculate the greatest common divisor of k and x.
7
Let w(b) = -3*b + 12. Let m be w(-4). What is the highest common divisor of m and 60?
12
Let o be 20/30*(-39)/(-2). What is the highest common factor of 143 and o?
13
Let b be (-1 - -8)/((-2)/(-20)). Suppose -5*x = -32 - 18. What is the greatest common divisor of b and x?
10
Let v = 0 - -75. What is the highest common factor of v and 15?
15
Let z(i) = i**2 + 3*i - 7. Let t be z(-6). Suppose -3*l + t = -16. Calculate the highest common divisor of l and 36.
9
Let k(a) be the first derivative of -3*a**2/2 - 3*a + 6. Let y be k(-4). Calculate the greatest common factor of 99 and y.
9
Suppose 0*a = -3*a - r + 193, 3*a = r + 197. Suppose -3*j = 5*s + 2*j - 200, 0 = s - 4*j - a. What is the highest common divisor of 15 and s?
15
Suppose -5*o - 3*a = -50, 5*o - 3*a - 30 = 2*o. Suppose -3*i = -5*n - 7*i - 6, -5*i - o = 5*n. Calculate the greatest common factor of 2 and n.
2
Let s = -9 + 13. Let h be 30/s*4/3. Calculate the greatest common divisor of h and 90.
10
Let h = -7 + 7. Suppose h = -2*j + 10 - 2. Suppose 4*n - 60 - 116 = 0. Calculate the greatest common factor of n and j.
4
Let j be (30/(-20))/(2/20). Let r = j - -19. What is the greatest common factor of 4 and r?
4
Let q(k) = 3*k**2 + 10*k - 11. Let m be q(-5). What is the greatest common factor of m and 154?
14
Let c(f) = -17*f - 31. Let n be c(-5). What is the highest common factor of 135 and n?
27
Suppose 5*i - b = 39 - 12, -4*i + 28 = -4*b. Calculate the highest common divisor of i and 2.
1
Let l(z) = z**2 + 4. Let a be l(0). Let x = 13 + -1. Calculate the greatest common factor of x and a.
4
Let c be ((-3)/6)/((-1)/8). Suppose c*f - 73 - 3 = 0. Suppose f + 6 = 5*m. Calculate the highest common factor of 45 and m.
5
Let p = 93 + -81. Calculate the highest common factor of p and 8.
4
Let l = 26 + -17. Suppose 3*q - m - 54 = 0, -q + m = -3*q + 36. What is the highest common factor of q and l?
9
Suppose -4*p = -i + p - 6, 4*i - 26 = -5*p. Suppose -2*x + w - 2 = 6*w, 0 = 4*x - i*w - 52. Calculate the greatest common divisor of 45 and x.
9
Suppose 0 = -6*a + 2*a + 408. Calculate the greatest common factor of a and 68.
34
Suppose -61 - 115 = -2*h. Suppose -2*n = 4 - 6. Let i be 6 + 4 - (1 + n). What is the highest common divisor of i and h?
8
Let y be (-4)/(-10) + 686/35. Suppose 2*p + 2*p - y = 0. Suppose p*a - 226 = 734. Calculate the highest common divisor of a and 24.
24
Let f(z) = -3*z - 5. Let k be f(-2). What is the greatest common factor of k and 1?
1
Let g = 83 - 51. Suppose 3*l = -0 + 24. Calculate the highest common factor of l and g.
8
Let j be ((-16)/(-5))/(2/25). What is the greatest common divisor of 16 and j?
8
Suppose 0 = r - s - 6, -2*r + 3*s = -0*r - 15. Suppose -r*o - o = -16. Let x be (2 - 1)*(1 - -35). What is the greatest common factor of x and o?
4
Let b be (-1 + -23)/(-2) + 0. Let s be (-3 - -2) + 0 + b. Let j(u) = -u + 32. Let g be j(-12). Calculate the greatest common divisor of s and g.
11
Let u be (-38)/(-323) + 438/34. Calculate the greatest common divisor of u and 91.
13
Let m(z) = 11*z - 15. Let a be m(10). Calculate the highest common divisor of 19 and a.
19
Suppose 5*c - 2*c = 5*s - 77, -3*c + 40 = 4*s. Calculate the highest common divisor of s and 52.
13
Let f be ((-6)/(-4))/((-4)/(-2584)). Let q be 4/26 + f/39. Let d = 20 - 10. What is the highest common divisor of d and q?
5
Let b be (2 - 6) + 3 - -4 - -77. Calculate the greatest common divisor of b and 8.
8
Suppose -t - 9 = -2*n, n + n + t - 15 = 0. Suppose -2*l = -n*l - 44. Let m = l + 19. What is the highest common divisor of m and 56?
8
Suppose 0 = -2*f + 9 + 1. What is the greatest common divisor of f and 10?
5
Suppose -48 + 168 = 10*l. Calculate the greatest common factor of l and 108.
12
Suppose 0 = -3*k + w + 24 + 22, -3*k - 4*w + 56 = 0. Calculate the highest common divisor of 16 and k.
16
Let d be (-1 + 0)*0/(-2). Suppose 2*k + 10 = 64. Suppose 3*i + d - k = 0. Calculate the greatest common divisor of i and 81.
9
Suppose 8 = 4*d + 20. Let r be (1 + d)/2 + 45. Calculate the highest common divisor of r and 11.
11
Let m(h) be the second derivative of -h**4/12 + 7*h**3/3 - 6*h**2 - 7*h. Let k be m(13). What is the greatest common divisor of 11 and k?
1
Let l = -118 - -169. What is the greatest common divisor of l and 34?
17
Let b = 49 + -114. Let n = b + 131. What is the greatest common divisor of n and 22?
22
Suppose -6*g = -5*g + 3*x, -3*g + 24 = -3*x. Suppose -4*n + 24 = -4. Let q(b) = b**2 - 6*b + 5. Let u be q(n). What is the greatest common divisor of g and u?
6
Let l be (2/(-4))/((-1)/36). Suppose -3*c = c - 36. Calculate the greatest common divisor of l and c.
9
Suppose 0 = -f + 6*f + 10. Let w = f - -12. Let x be (-6)/((-43)/40 + 1). What is the highest common divisor of w and x?
10
Let k be 3/(3 + 3)*68. Suppose 4*j - 373 + 1341 = 0. Let z = -157 - j. What is the greatest common divisor of k and z?
17
Let o be (-2)/(-6) + (-1182)/(-18). What is the highest common divisor of 11 and o?
11
Let d = 48 - 28. Let l(j) be the first derivative of -j**4/4 + j**3 - 4*j - 2. Let x be l(-3). What is the highest common divisor of x and d?
10
Suppose 5*m - m - 24 = 0. Let c be (-3)/m + (-34)/(-4). Suppose i = -4*y + 165, 0*i = -5*i + 25. Calculate the greatest common divisor of c and y.
8
Suppose 3*i - 41 = 13. Suppose 3*j + i = 5*m, 2*j + 24 = 2*m + 5*j. What is the highest common factor of m and 54?
6
Let x(f) = -22*f - 6. Let i be x(-9). Let g = -9 - 11. Let a = g - -44. Calculate the highest common factor of a and i.
24
Let v(t) = 35*t**2 - 4*t. Let f be v(3). Let g = f + -142. What is the highest common divisor of 23 and g?
23
Let c(z) = z + 2*z - 3*z**2 - 1 + 27*z**2. Let h be c(2). Let y = h + -56. What is the greatest common divisor of 18 and y?
9
Let m = -1 - -1. Suppose m = -8*a + 4*a + 364. Let n be (5 - 4)*-4 + 17. What is the highest common factor of a and n?
13
Let x(v) = 6*v**2 - 4*v. Let d be x(-3). Suppose 0*h - 3*h = -18. Calculate the greatest common factor of d and h.
6
Let r be -4 + 5 + 1 + 133. Calculate the highest common divisor of r and 15.
15
Let j(s) = -s**3 - s**2 + s + 25. Let r be j(0). Suppose -5*y + r = 0, c = 3*c - 3*y - 113. Calculate the greatest common divisor of 8 and c.
8
Let q(h) = 2*h**3 - 21*h**2 + 7*h + 38. Let c be q(10). Let z = 1 - 0. Calculate the highest common divisor of c and z.
1
Suppose 0 = 5*u - 1745 + 45. Suppose 0 = 2*v - 3*j - u, j = -3*j + 16. Suppose 3*y - 34 = 14. What is the highest common divisor of v and y?
16
Suppose -5*w + 3*j + 8 = 2, 2*j - 9 = -w. Suppose c = 2*h - 26, w*c = 4*h - 10 - 42. Suppose -2*b = 3*b - 130. What is the highest common factor of b and h?
13
Let u = 12 + -7. Let y be 6/9 - 2/(-6). What is the highest common factor of y and u?
1
Suppose -2*z = -8*u + 3*u - 28, -3*u = -z + 14. What is the greatest common factor of z and 35?
7
Let l = 0 - -14. What is the highest common divisor of l and 154?
14
Let s be -12*-4*(-3)/(-9). What is the highest common factor of 112 and s?
16
Suppose 0 = 4*p + 5*f - 32, -3*p - 3*f - f + 25 = 0. Calculate the greatest common factor of p and 9.
3
Let g = 6 - 4. Suppose 946 = 4*y - l, g*y + y = -l + 706. Let d = y + -148. What is the greatest common factor of 11 and d?
11
Suppose -5*v + v = -24. Calculate the highest common divisor of 42 and v.
6
Let p(a) = a - 9. Let k be p(12). Let r be 93/9 - k/9. Calculate the highest common factor of 2 and r.
2
Let c(r) = r**2 - r + 9. Let o be c(0). Let i = -4 - 23. Let z be (16/(-3))/(2/i). What is the highest common factor of o and z?
9
Let c = 44 + -29. What is the greatest common factor of 75 and c?
15
Let i(d) = d - 2. Let t be i(2). Suppose t = -4*k + 53 + 3. Suppose 19 = 5*u - 16. Calculate the greatest common di